5*y - r - 70 = 0. Let g = d + y. What are the prime factors of g?
2, 3
Let p be -28*(3/2)/(-3). Let f = p - 9. List the prime factors of f.
5
Suppose -4*o + 252 + 52 = 0. Let h = -54 + o. List the prime factors of h.
2, 11
Suppose -2*m = 2*m + 24. Let r = m + 20. What are the prime factors of r?
2, 7
Let y(b) be the second derivative of b**5/30 + b**4/4 + b**3/6 + 3*b**2/2 + 2*b. Let j(f) be the first derivative of y(f). What are the prime factors of j(-4)?
3
Let v(m) = -2*m**3 + 11*m**2 + 3*m + 2. Let a(p) = -p**3 + 5*p**2 + 2*p + 1. Let w(g) = -5*a(g) + 2*v(g). Let d be w(4). List the prime factors of 2*(d/2 + 2).
3
Let b = 32 - 27. List the prime factors of b.
5
Suppose 0 = -5*b + 47 + 3. Suppose -3*r + 5*r = b. Suppose r*z - 4 = 4*z. What are the prime factors of z?
2
Let u be (-1)/(2 + (-22)/10). Let h(b) = -b**3 + 5*b**2 + 2*b - 7. Let t be h(u). Suppose 2*w - t = 15. List the prime factors of w.
3
Let p(c) = -c**2 - 12*c + 4. Let j be p(-6). Suppose 2*o = -3*d + 4, -4*o - 2*d + 8 = 2*d. Suppose -j = o*z - 6*z. What are the prime factors of z?
2, 5
Suppose 3*z + 5*v = 4*z + 19, -3*z + v = 1. Let p be 28 - z - (5 - 8). Let o = -16 + p. What are the prime factors of o?
2, 7
Suppose c + 2*c - 99 = 0. List the prime factors of 3/(9/c - 0).
11
Let f(d) = 5*d + 1. List the prime factors of f(5).
2, 13
Suppose -6*v + 88 = 4*y - 2*v, -36 = -2*y + 2*v. List the prime factors of y.
2, 5
Let u(o) = 42*o - 13. List the prime factors of u(7).
281
Suppose -2*g + 0*r + 2*r = 0, 3*g + 4*r = 28. Let o(v) = -3 + 5 - 2*v + 3*v. What are the prime factors of o(g)?
2, 3
Suppose 0 = -2*a - z + 306, z - 608 = -3*a - a. What are the prime factors of a?
151
Let o = -23 - -25. Suppose -4*p - 43 = -o*c + 5, 2*c = 5*p + 50. What are the prime factors of c?
2, 5
Let i(j) = j + 12. List the prime factors of i(10).
2, 11
Suppose 3*a + 5*x = 20, 5*a + 4*x - 27 = 2*x. Let c = 18 - a. What are the prime factors of c?
13
List the prime factors of (-117)/(-6)*60/18.
5, 13
Suppose 4*d + 28 = 5*d. What are the prime factors of d?
2, 7
Let g(y) = y**3 + 5*y**2 + 4*y + 3. Suppose 3*d - 17 = -4*x + 2, 50 = 5*d + 3*x. Suppose f + 5*m = -d, 25 = -5*f - 5*m - 0*m. List the prime factors of g(f).
3
Let n = -2 - -13. Suppose 0 = 7*b - n*b + 84. What are the prime factors of b?
3, 7
What are the prime factors of 479/9 + 4*5/(-90)?
53
Suppose -t + 1 = -6. What are the prime factors of 72/t + 6/(-21)?
2, 5
Suppose 3*g = 7*g - 108. Suppose -g - 73 = 4*c. Let p = c + 37. What are the prime factors of p?
2, 3
Let f(l) = l**3 + 5*l**2 + 2*l - 2. Let h be f(-5). Let j = h - -25. What are the prime factors of j?
13
Let z(t) = -t - 12. Let v be z(-10). Let r = 13 + v. Let w = -7 + r. What are the prime factors of w?
2
Suppose -3*h = 3, -3*o + 3*h = 2*o - 373. What are the prime factors of o?
2, 37
Let d be ((-6)/(-9))/((-2)/(-3)). List the prime factors of 145/25 - d/(-5).
2, 3
Suppose -6 = -3*c + 42. List the prime factors of c.
2
Suppose 2*k - 36 = 4*a + 6*k, 0 = 3*k + 9. Let o(s) = -s**3 - 7*s**2 - 7*s - 8. Let j be o(a). Let l(q) = -3*q + 2. List the prime factors of l(j).
2
Let p(w) = 3*w**2 + 11*w + 8. Let r be p(-7). Let i = r + -50. List the prime factors of i.
2, 7
Let r(i) = 8*i**2 - i. Let l(p) = p**2 + 6*p + 9. Let m be l(-6). Suppose 0 = -4*d - 5*n + m, -4*n - 3 = -5*d - 2*n. What are the prime factors of r(d)?
7
Let g be 0 - (0 - 1 - -1). Suppose 3*y = -m - g*m + 20, -5*y = m - 12. List the prime factors of m.
2
Suppose 112 = 2*z - 2*x + 3*x, -2*z + 2*x + 100 = 0. Let f = z - 21. What are the prime factors of f?
3, 11
Suppose 0 = -5*h - 5*b + 30, -4*h - 3*b + 7 + 18 = 0. Suppose 4*o - 71 + h = 0. List the prime factors of o.
2
Suppose 5*o - 133 - 72 = 0. What are the prime factors of o?
41
Suppose -r = -4*f + 279, 0 = -5*f + 7*r - 3*r + 335. What are the prime factors of f?
71
Let r(c) = c**2 - 2*c - 7. Let y be r(-7). Let m = y + -37. Let p = -8 + m. What are the prime factors of p?
11
Suppose -3*m + 4*s - 24 = 0, m - 32 = 5*m + s. Let g = 11 + m. List the prime factors of g.
3
Let y = 95 + -65. What are the prime factors of y?
2, 3, 5
Suppose 7*q + 2 = 8*q. Suppose -y - 16 = -q*y. List the prime factors of y.
2
Let x = -17 - -25. What are the prime factors of x?
2
Let q(m) = m**3 - 2*m**2 - 3*m + 3. Let x be q(2). List the prime factors of (x + 41)/(4/2).
19
Let c(n) = 8*n + 1. Suppose 0 = 5*u + 4 - 19. What are the prime factors of c(u)?
5
Suppose 5*s = 25, -4*n + 471 = 4*s - 937. List the prime factors of n.
347
Suppose -2683 = -15*w - 748. What are the prime factors of w?
3, 43
Let i(f) = f**2 - f + 2. Suppose -2*s - s + 21 = 0. Let p be i(s). Suppose g - p = -3*g. What are the prime factors of g?
11
Let g = -16 + 56. What are the prime factors of g/(-3)*6/(-5)?
2
List the prime factors of 4/((-4)/(-2) - (-32)/(-17)).
2, 17
Let j(k) = k + k - 6 + 6*k**2 - 3*k - k**3. Let p(n) = n**3 + 7*n**2 + 6*n + 5. Let o be p(-6). List the prime factors of j(o).
2, 7
Let h(u) = 2*u + 144. Let i(m) = -m - 72. Let t(l) = 6*h(l) + 11*i(l). Let w be t(0). Suppose y + 3*y = w. What are the prime factors of y?
2, 3
Let q = -36 - -43. What are the prime factors of q?
7
Suppose 9 = 4*i - 3. What are the prime factors of (3/(-6))/(i/(-144))?
2, 3
Let z(h) = -1. Let i(x) = -x - 3. Let m(w) = -i(w) + 2*z(w). Let a be m(-7). What are the prime factors of 3/(a*(-2)/40)?
2, 5
Suppose 4 = m, 0*m - 4*m = -5*p - 16. Suppose c + p*c = 12. List the prime factors of c.
2, 3
Let d be (0/(-2 - 0))/(-2). Let o = 5 + d. Suppose o*c - 37 - 62 = -h, -c + 24 = -4*h. What are the prime factors of c?
2, 5
Suppose 5*s = -15, 0 = 8*n - 11*n + 3*s + 258. What are the prime factors of n?
83
Suppose -2*l - 3*k = -9, -5*l - 3*k = -7*k - 80. Let b = -7 + l. What are the prime factors of b?
5
Suppose -4*n + 2*x - 15 = -107, -10 = -5*x. List the prime factors of n.
2, 3
Let v be (-38)/(-3)*-2*-3. Suppose -7*m = -3*m + v. Let i = m - -31. What are the prime factors of i?
2, 3
Suppose -15 = 4*a + 1. Let r = 42 - a. What are the prime factors of r?
2, 23
Let o(n) = n**2 - 6*n + 17. What are the prime factors of o(8)?
3, 11
Suppose -s + 124 = -3*s. Let i = -7 - s. Suppose -6*d + i = -d. What are the prime factors of d?
11
Suppose 3*s = -0*s + 12. Suppose 0 = -d + 5*g + 8 - 0, s*g = -4. Suppose n - 4 - d = 0. List the prime factors of n.
7
Suppose -2*i + 6*i = 0. Suppose -4*t - p + 8 = -2*t, -3*t - 4*p + 17 = 0. Let r = t + i. List the prime factors of r.
3
Suppose 2*v - 4*v = -6. Suppose -r = -v*r + 6. Let h = r - 1. What are the prime factors of h?
2
Let z(u) = u**3 - 8*u**2 - 7*u - 9. Suppose -202 = -4*n - 10. Suppose -4*s - n = -4*r, r + 2*s - 2 = 1. List the prime factors of z(r).
3
Suppose 28 = -0*z + 2*z. What are the prime factors of (16/(-6))/(z/(-63))?
2, 3
Let p(u) = u**2 + 5. Let f be p(0). Suppose f = 3*r - 2*r. List the prime factors of r.
5
Let o(z) = -z**3 + 6*z**2 + 8*z - 2. Let j be o(7). Let l be j - (0 + 2 + -3). Suppose 0 = 2*s - l*s + 12. What are the prime factors of s?
3
Suppose 0 = 3*l, 2*o + 5*l = 3*o - 72. What are the prime factors of o?
2, 3
Suppose -4*v + 20 = p, -7*p + 3*v + 15 = -4*p. Let g = 5 - p. What are the prime factors of g/2*(-6)/3?
3
Let g(o) = o**2 - 5*o + 6. Let w be g(4). Suppose -4*v + w*k + 0*k + 12 = 0, 0 = -v + 4*k + 3. Suppose u = 2 + v. What are the prime factors of u?
5
Suppose -2*f = -0*f - 160. What are the prime factors of f?
2, 5
Let h = -22 - -15. Let k(x) = x**2 + 4*x + 10. What are the prime factors of k(h)?
31
Let w(h) = -h**2 - 5*h - 4. Let o = 0 - -6. Suppose 0*c + 3*y + o = -4*c, -c - 4*y = -5. What are the prime factors of w(c)?
2
Suppose 10 = 3*a - 8*a + 5*b, 3*a = -2*b + 14. Suppose -3 = a*y - 3*y. Suppose g - 8 = -y*g. What are the prime factors of g?
2
Let w be -4 - (-1)/1*1. Let y(p) = p + 7. Let c be y(w). Suppose 3*x + c*a - 20 = 0, 3*x - x - 16 = -4*a. What are the prime factors of x?
2
Let h(s) = -2*s**2 - 10*s + 9. Let n(w) = -w**2 - 9*w + 9. Let c(l) = -2*h(l) + 3*n(l). Let v be c(6). What are the prime factors of ((-18)/(-15))/(v/20)?
2
Suppose -g + 169 - 24 = 0. What are the prime factors of g?
5, 29
List the prime factors of 60 + -1 + -3 + 6.
2, 31
Let j(r) = 2*r**2 + r - 1. Let w be j(1). Suppose -w*h = -5*h + 24. Suppose -2*z + 26 = 4*d, -z - 4*d